e -2*h + 64 = 2*h + 4*y, q*y - 54 = -4*h. Let a = 11 + h. What is the units digit of a?
2
Let i(a) = 62*a + 28*a - 9 - 8*a. What is the units digit of i(3)?
7
Suppose -16 = -8*f - 0*f. Suppose -168 = f*g - 9*g. What is the tens digit of g?
2
Suppose 56 + 176 = 8*b. Let s = -2 + b. What is the units digit of s?
7
Let a = 2029 - 230. What is the thousands digit of a?
1
Let d be (7 + -6)/((-2)/(-32)). Suppose 8 = -k - 2*p - 2*p, -4*p + d = 0. What is the tens digit of (k/(-14))/(4/56)?
2
Suppose -1 = -3*r - 5*u, 2*u + 2*u = 3*r - 10. Suppose -r*h + 49 = -29. What is the units digit of h?
9
Suppose 2*h - h = 6. Suppose -2*v + h = v. What is the units digit of v?
2
Suppose 0 = y + 4*y - 3*c + 51, -4*c = 5*y + 72. What is the units digit of y/(-2)*147/9?
8
Let h = -17 - -22. Suppose u - 7 = -h*z, -5*z + 6 + 22 = 4*u. Suppose -u*f - 108 = -9*f. What is the units digit of f?
4
Let y be 36/30 - (-1)/(-5). Let v(p) = -46*p**3 + 2*p**2. Let f be v(y). Let b = -7 - f. What is the units digit of b?
7
Let p(m) = -14*m**2 + 28*m**2 - 3 - 11*m**2 - m**3 - 29*m - 12*m**2. What is the units digit of p(-9)?
8
Suppose 0 = -0*k - 8*k - 1632. Let f = -40 - k. What is the tens digit of f?
6
Suppose 3 - 9 = -2*w. Suppose -b + 1 = -w. Suppose -c = b, c = -3*u - c + 154. What is the tens digit of u?
5
Let l(f) = -f + 17. Let n be l(12). Let z be 8/(-20) + 17/n. Suppose -x + 4*p = -4, p + z = 4*x - 28. What is the units digit of x?
8
Let r = 3522 + -2024. What is the thousands digit of r?
1
Let y(x) = -2*x + 17. Let l be y(-13). Suppose -u - 6 = l. Let p = -14 - u. What is the units digit of p?
5
Let r(m) = 639*m**2 + 47*m - 90. What is the thousands digit of r(2)?
2
Let u = 5 + -1. Suppose -16 = -u*c - 0. What is the units digit of -3 - -7*(c + 2)?
9
Suppose -337 = -6*y + 3*y + z, 0 = -y + 5*z + 117. What is the tens digit of y?
1
Let q(n) = -3*n + 19. Let x be q(5). What is the units digit of x*-1 + (-2 - -89)?
3
Let c = 53 + -22. Let q = -23 + c. What is the units digit of q?
8
Let i = 5972 - 3180. What is the tens digit of i?
9
Let v(u) be the first derivative of u**3/3 + u**2/2 - 17. What is the units digit of v(2)?
6
Let p(z) = 121*z - 11. What is the tens digit of p(1)?
1
Let s(x) = 11*x + 163. What is the tens digit of s(52)?
3
Suppose -3*g = -8*g + 5. Let v be g/4 - (-825)/12. Suppose 5*j - v = -9. What is the units digit of j?
2
Suppose 0 = -3*x + 55 + 1121. What is the units digit of x?
2
Suppose 11*k = 6222 + 2930. What is the hundreds digit of k?
8
What is the tens digit of (5940/(-70))/((-2)/14)?
9
What is the hundreds digit of -1 - (-1432 + (-5 - -6))?
4
Suppose -2*i + 21*h = 26*h - 5648, 3*i - h = 8506. What is the thousands digit of i?
2
Suppose -40*t + 36*t = -1556. What is the hundreds digit of t?
3
Suppose 0 = -5*s + 2*u - 110, 3*u - 50 = 3*s + 7. Let a = -30 - s. What is the units digit of (-8)/a*(-108)/(-8)?
8
Let t(y) = -2*y - 3. Let p be t(-5). Let w = p - 5. Suppose w*s = 4, 46 - 4 = 2*f + 5*s. What is the units digit of f?
6
Suppose -3*l + 3*d + 3342 = 0, 588 - 6190 = -5*l - 3*d. What is the thousands digit of l?
1
Let h be ((-3)/(-45) + 6/(-15))*-651. Suppose 9*r = 2*r + h. What is the tens digit of r?
3
Let k(d) = 6*d**3 - 3*d**2 + 2*d - 2. Let w = 7 - 21. Let n = w - -16. What is the units digit of k(n)?
8
Let c = 338 - 11. What is the units digit of c?
7
Let g(b) = b**2 - 2*b - 6. Let q be g(-4). Suppose 20*l = q*l + 56. What is the tens digit of l?
2
Suppose t + 5 = 2*t. Suppose -5*d - t = 5. Let l(k) = 2*k**2 - k + 2. What is the tens digit of l(d)?
1
Let c(l) = -209*l - 369. What is the tens digit of c(-10)?
2
Let a be (198/165)/(2*1/(-10)). Let b(y) = -2*y**2 - 11*y + 8. What is the units digit of b(a)?
2
Suppose 0 = 4*w - 9 - 7. Suppose 5*t - 3*r = 760, r + 177 + 126 = 2*t. Suppose -3*n = 5*s + 2*n - 185, -t = -5*s + w*n. What is the tens digit of s?
3
Let q be (16/10)/((-5)/(-100)). Suppose -m = 14 - q. What is the units digit of m?
8
Let b = -42 - -39. What is the units digit of (-48)/b*1/((-2)/(-10))?
0
Let z(x) = x**2 - 6*x + 7. Let a be z(4). Let i = a - -31. Suppose -t = y - i - 26, -4*y - 3*t + 229 = 0. What is the tens digit of y?
6
Let g = 2 + -7. Let i be (-47)/g + 6/(-15). Suppose 0 = b + 2*b + 2*w - i, 5*w - 15 = 0. What is the units digit of b?
1
Let w(s) be the second derivative of 8*s**3/3 - 2*s**2 - 12*s. What is the units digit of w(6)?
2
Suppose 2 = -2*s + 4*i - 10, 3*s = 5*i - 15. Suppose 4*z - 1231 = 3*j, s = -3*z + 2*j + 1139 - 216. What is the units digit of z?
7
Let u(h) = -3*h - 10*h - 17 + 16*h. Let l be u(7). Suppose -3*f = 3*q - 51, -f = l*q + 2*f - 66. What is the tens digit of q?
1
Suppose -7*b + 743 + 440 = 0. Let h = 9 + b. What is the tens digit of h?
7
Suppose 0 = -5*s + u + 449, -4*s - 47 = -5*u - 423. What is the tens digit of s?
8
What is the hundreds digit of (-5865)/(-10) + 2 + 2/(-4)?
5
Suppose -494 = 4*q - 3174. What is the hundreds digit of q?
6
Suppose -q + 4*q = 906. Suppose 0*w - 5*w = 4*g - q, -g + 5*w = -63. What is the tens digit of g?
7
Let a(m) = -m**3 + 28*m**2 + 11*m + 60. What is the hundreds digit of a(28)?
3
Let g(d) be the second derivative of d**4/12 + d**3/3 - 4*d**2 - 4*d. Let b be g(6). Let k = b - 0. What is the units digit of k?
0
Let n(x) = x + 2. Let p be n(0). Let j = 33 + p. What is the tens digit of j?
3
Let i = 710 - 452. Suppose -182 = -2*f + i. What is the hundreds digit of f?
2
Let f(w) = -5*w - 23. Let h be f(-16). What is the tens digit of 2 + h/1 + 4?
6
Let r(d) = -d**3 - 23*d**2 - 27*d + 40. Let y be r(-22). Suppose 6*k - 84 = y. What is the tens digit of k?
3
Let w = 31 + -36. What is the tens digit of (w + -3)/((-1)/2)?
1
What is the tens digit of ((-25635)/(-10))/(24/16)?
0
Let g be (-105)/(-3)*8/(-8). Let f = -31 - g. What is the units digit of f?
4
Suppose 8*k - 2*k - 3252 = 0. Let j = -294 + k. What is the units digit of j?
8
Let f(s) be the first derivative of -95*s**4/4 + s**2/2 + s + 11. Let v be f(-1). Let p = -32 + v. What is the units digit of p?
3
Let w(o) be the third derivative of o**4/2 - 3*o**3 - 10*o**2. Let t be w(8). Let b = -50 + t. What is the tens digit of b?
2
Let v = 104 + -90. Suppose -2*m + 128 = v. What is the tens digit of m?
5
Suppose 0 = 4*n - 9 - 3. Suppose -3*c + 288 = -n*g, -3*c + 3*g = -8*c + 440. What is the tens digit of c?
9
Suppose 2*k - 2*g = -451 + 123, k + 168 = -3*g. What is the tens digit of 10/(k/(-54) + -3)?
8
Suppose 2*m + 17 = 3*h, 7*m = 4*m - 4*h. Let i = 2 - 0. Let n = i - m. What is the units digit of n?
6
Suppose -g = -4, 5*a + 4*g - 2160 = a. What is the units digit of a?
6
Suppose 5*g - 466 = -w, -3*g + 187 = -4*w - 88. Let h = 97 + g. What is the tens digit of h?
9
Let i = -8 + 12. Let b = i + -4. Suppose -j - w + 9 = b, -3*j + 10 = 2*j - 2*w. What is the units digit of j?
4
Let a be 2 - (0 + (-3 - -1)). Suppose -3*v = -6*v - 3*b + 33, 3*b - 48 = -a*v. What is the units digit of v?
5
Suppose -12*l + 6 = -10*l. Suppose s - l*s = -r + 280, -r - 5*s = -301. What is the hundreds digit of r?
2
Let h(z) = -6*z**3 + 2*z + 6. Suppose -6*v + 6 = -4*v, v = -5*u - 7. What is the units digit of h(u)?
0
Suppose -1725 = -0*x + 15*x. Let n = x - -260. What is the hundreds digit of n?
1
Suppose -5*d - 10*d + 4320 = 0. What is the tens digit of d?
8
Suppose 0 = -4*c + 8, 0 = -0*q - 5*q - 4*c + 343. Let x = q - 44. What is the units digit of x?
3
Suppose 34*s - 141 = 31*s. Suppose s*p - 121 = 46*p. What is the units digit of p?
1
Let f = 15 - 14. Let q(o) = 138*o**2 - 2*o + 1. What is the units digit of q(f)?
7
Let m = -864 - -1338. What is the hundreds digit of m?
4
Suppose -208*u + 198*u + 11080 = 0. What is the units digit of u?
8
Let m be -2 + (-1366)/(-9) + 16/72. Let f = 270 - m. What is the units digit of f?
0
What is the tens digit of (-174 + -3 + 5)/(-2)?
8
Let o be (36/(-30))/(3/(-10)). Suppose 5*h + 25 = 0, 0 = o*p + 3*h - 200 - 21. What is the tens digit of p?
5
Let d be 1/(-2) - (-4 + (-2895)/(-10)). Let g = 538 + d. What is the hundreds digit of g?
2
Suppose 312 = 4*u - 4*d, 0 = -2*u + 3*d - 2*d + 153. What is the units digit of u?
5
Suppose 3*z = -3*y + 2*y - 5, -26 = -5*y + 2*z. Suppose p - 3*x = x + 23, -y*p - 5*x + 29 = 0. Let m = 26 - p. What is the units digit of m?
5
Let q(n) = -52*n + 35*n**2 + 8*n**